 46*h - 1. Let n(u) = -2*a(u) + 11*v(u). List the prime factors of n(1).
2, 7, 37
Let w(c) = c**3 - 8*c**2 - 11. Let y be w(8). Let f(v) be the second derivative of -7*v**3/3 + 15*v**2 - 192*v. What are the prime factors of f(y)?
2, 23
Let b be 9568/156*6/4. Let c be (-11)/4 + 3/(-12). Let h = b - c. List the prime factors of h.
5, 19
Suppose 657*n + 87710 = 659*n. What are the prime factors of n?
5, 7, 179
What are the prime factors of (-5 - 1)*8/6*18344/(-64)?
2293
Let y = -70887 - -123964. What are the prime factors of y?
53077
Suppose 14*j + 12*j = 208728. List the prime factors of j.
2, 3, 223
Suppose -2*n + 7*n = -5*c + 8100, 7*n = -5*c + 11350. What are the prime factors of n?
5, 13
Let v(q) = 2*q**3 + 14*q**2 + 17*q + 52. Let y be v(-6). What are the prime factors of 490 - 0/(-1) - (y + -26)?
2, 13, 19
Suppose 5*h = -3*b + 28533, 18996 = 2*b + 6*h - 7*h. List the prime factors of b.
3, 3167
Suppose i - 1763 = 2*m, 3*m = -3*i + 1564 + 3680. List the prime factors of i.
1753
Suppose -2*p + 4 = 5*q - 1, 0 = 3*q - 5*p - 34. Suppose 27 - q = 8*s. Suppose -s*z - 2 = -14. List the prime factors of z.
2
Let m = 29792 + -4683. List the prime factors of m.
7, 17, 211
Let j(b) = -8716*b - 9257. What are the prime factors of j(-6)?
193, 223
Let i(q) = -16*q**3 - 5*q**2 + 5*q + 12. Suppose 2*b + 22 = -b + 2*h, -28 = 2*b - 4*h. What are the prime factors of i(b)?
2, 3, 13
Suppose 2700 = 19*v - 14*v. Let x = v + -320. What are the prime factors of x?
2, 5, 11
Let w = 7317 - -6482. List the prime factors of w.
13799
Suppose -7*n - 6*n + 9997 = 0. Let i = n - 449. What are the prime factors of i?
2, 5
Suppose 3*w - 2*k - 18288 = 0, -23*w + 24*w + 4*k - 6082 = 0. List the prime factors of w.
2, 11, 277
Suppose -x + 14920 = -3*h, 24*h - 44716 = -3*x + 22*h. List the prime factors of x.
2, 3727
What are the prime factors of (-3)/(-2) + 48134/4?
5, 29, 83
Let h = -33898 - -59560. What are the prime factors of h?
2, 3, 7, 13, 47
Let r(f) = -31*f**3 + 10*f**2 + 45*f + 184. What are the prime factors of r(-5)?
2, 1021
Suppose -5*i = 3*r - 192, -2*i = r - i - 66. Suppose -59 = -5*l - r. List the prime factors of (166/(-5))/(l/5).
83
List the prime factors of 7/6 - 426712/(-48).
17, 523
Let y = 1 + 2. Suppose -y*n - 6 = -0*n. What are the prime factors of 28 + (2 - (n + 3))/1?
29
Suppose 73799 = 4*g - 3*a, 0 = -438*g + 442*g + 3*a - 73841. What are the prime factors of g?
5, 3691
Let s be 0/(-27) + 1*4. Let c be 564/15 - s/(-10). Suppose -d = -p + c, -2*d + 187 = 4*p + d. What are the prime factors of p?
43
Let q = -424 + -232. What are the prime factors of (q/(-4))/(-1)*(-3)/3?
2, 41
Let f = 11 - -9. Suppose 12*n - 7*n = f. List the prime factors of n/(51/48 - 1).
2
Suppose r - d = -0*d + 24, 57 = 3*r + 2*d. Let n be (6/(-7))/((-3)/r). Suppose -3*h - 282 = -n*h. What are the prime factors of h?
2, 47
Let q be (-8)/(-6)*(3266 + 31). Suppose t - 1119 = -5*p, 2*t - 6*t + q = 4*p. What are the prime factors of t?
2, 547
Suppose -2*t + 2*c + 27 = t, 0 = 5*t - 5*c - 50. Suppose 52 = -5*h + t. Let q = 11 - h. List the prime factors of q.
2, 5
Let v = -44187 + 73942. What are the prime factors of v?
5, 11, 541
Let i(s) = -s**2 - 1. Let w be i(-2). Let l be 650/w - (8 - 4). Let y = 208 + l. What are the prime factors of y?
2, 37
Let j(g) = -g**3 + 16*g**2 - 2*g - 5. Let c be j(16). Let a = -46 - c. What are the prime factors of ((-2)/(-1))/((-6)/a)?
3
Let w(a) = -7 - 78*a - 4 - 703*a + 1. What are the prime factors of w(-1)?
3, 257
Let w(o) = 3*o**2 - 3*o. Suppose 2*b = k + 5, 1 = -5*b + 5*k + 21. Let r be b*2*33/(-22). What are the prime factors of w(r)?
2, 3
Let f be (28/14)/(2/(-18)*-1). Suppose f*v - 4*h + 976 = 22*v, -3*v + 724 = -5*h. What are the prime factors of v?
3
Let f = -172 - -169. What are the prime factors of f - ((-1716)/2 + -7)?
2, 431
Let v = -25 + 76. Let h = v - 114. Let n = 142 + h. What are the prime factors of n?
79
Suppose -4*c = -2*j + j, 0 = 2*c. Suppose j*h + 285 = 3*h. Let u = h - 7. What are the prime factors of u?
2, 11
Let u(i) = 141*i - 20. Let o(m) = -m**3 + 3*m**2 + 14*m - 16. Let d be o(5). Let k be u(d). Let p = -272 + k. List the prime factors of p.
2, 17
What are the prime factors of 1592540/55 - ((-42)/88 - 27/(-36))?
5, 5791
Let q be 30*145*(-12)/(-180). Let t(m) = 117*m**2 + 3*m - 3. Let d be t(2). Let s = d - q. List the prime factors of s.
181
List the prime factors of 320/(-35) - -10 - 186735/(-21).
8893
Suppose -96*j + 108*j = 39264. Suppose -2712 = -22*p + j. What are the prime factors of p?
2, 17
Let q(p) = 52*p**2 - 6*p + 6. Let r = 60 + -48. Let l be ((-16)/r)/(2/(-3)). What are the prime factors of q(l)?
2, 101
Suppose 12 = 4*w, w - 7668 = -4*n + 511. What are the prime factors of n?
2, 7, 73
Let y(w) = -107*w + 27. Let v(d) = d + 1. Let q(r) = 2*v(r) + y(r). Let t be q(-7). Suppose -24*x + t = -20*x. What are the prime factors of x?
191
What are the prime factors of 184388/(-32)*(-6 - 22/11)?
31, 1487
Suppose -4*k - 5*f = -3680, 3680 = 4*k - 0*f - f. Suppose 0 = -7*a + 6*a + 3*t + k, 4*t = 4*a - 3664. List the prime factors of a.
2, 457
Let r(q) = -28*q - 72. Let b(p) = -27*p - 73. Let l(o) = 5*b(o) - 4*r(o). What are the prime factors of l(-9)?
2, 5, 13
Let f(k) = -2*k + 31. Let v be f(14). Suppose 5*q + a - 7 = 5, q = -v*a - 6. List the prime factors of (-538)/(-5) - (q - 34/10).
2, 3
Let j(b) be the first derivative of -6*b**2 + 46*b + 138. Let q = 30 + -42. List the prime factors of j(q).
2, 5, 19
Let m = 36 + -33. Suppose -3*x + 4*k = m*k - 16, 0 = -x - 5*k - 16. Suppose q - 722 = -4*a + 3*q, -5*a + x*q + 895 = 0. What are the prime factors of a?
3, 61
Let w = -33 + 33. Let i be 33/(-3 + 2 + w). Let p = -24 - i. What are the prime factors of p?
3
Suppose -50457 - 82486 = -14*m + 67425. What are the prime factors of m?
2, 1789
Let x(o) = 170*o + 2 - 171*o - 10*o**3 - 2*o**2 - 16*o**3. List the prime factors of x(-2).
2, 3, 17
Let q(m) = -m**3 + 27*m**2 + m + 51. Let v be q(27). Suppose 0 = 5*b - 407 - v. List the prime factors of b.
97
List the prime factors of -7 - (-1)/((-35)/(-260)) - 337976/(-28).
12071
Let d(a) = -3409*a + 5585. List the prime factors of d(-19).
2, 3, 11, 13, 41
What are the prime factors of (784626/(-10))/(-3) + 2 - (-546)/(-2730)?
2, 13, 503
Let w = -912 + 7463. List the prime factors of w.
6551
Let r(v) be the third derivative of 31*v**2 + 7/2*v**3 - 1/6*v**4 + 0*v + 0. What are the prime factors of r(-18)?
3, 31
What are the prime factors of (-1 + 4)/((1/8)/(27412/231))?
2, 89
Suppose -5*x - 25 = 0, x - 5*x = 2*k + 30. Let m be (-2 - 1) + 416/(7 + k). Let j = 367 - m. What are the prime factors of j?
2, 3
Suppose 2*f = -4*m + 182, 2*m - 2*f = 41 + 41. Suppose 4*r - m = 60. List the prime factors of r.
2, 13
Suppose -5*x - 4*n - 10747 = 0, 3*x - 5*n + 3399 = -3064. What are the prime factors of 12/21 - x/21?
103
Let u be ((-186)/(-24))/(2/8). Suppose -5*y = u - 146. Suppose -y*a + 225 = -18*a. What are the prime factors of a?
3, 5
Let c be 798/(-4) + (-13)/26. Let w = -32 - c. What are the prime factors of w?
2, 3, 7
Let f = 1 - -11. Suppose f*q + 5*q - 3162 = 0. What are the prime factors of q?
2, 3, 31
Let m = 36 + -34. Suppose 5*b - 2*u - 88 = 0, -7*b - m*u = -2*b - 72. Let g(y) = 8*y + 40. List the prime factors of g(b).
2, 3, 7
Suppose 3*c - 6*c + 7830 = 0. Suppose 5*a - c = -5*b, -5*a = 2*b + 589 - 3208. Suppose s + 4*s = a. List the prime factors of s.
3, 5, 7
Suppose 2*b - 20*s - 1 = -17*s, -5*s + 15 = 0. Suppose -1160 = -2*c - 4*d, -2*d + 7*d + 2885 = b*c. List the prime factors of c.
2, 17
Suppose -y + 441 = 15. Let q(j) = -2*j**3 + 13*j**2 - 4*j - 7. Let o be q(6). Suppose -o*k = y - 1416. List the prime factors of k.
2, 3, 11
Suppose 0*m - 28868 = -28*m. List the prime factors of m.
1031
List the prime factors of (10*5/(-30))/((-79)/1892919).
5, 7, 163
Let y(a) = -a**2 - a + 4. Let c be y(0). Let d be ((-264)/(-20))/((c/10)/2). Suppose 7*b = 5*b + d. What are the prime factors of b?
3, 11
Suppose -4*j - 78*h = -73*h - 58192, 5*j + 2*h = 72757. List the prime factors of j.
3, 7, 11
Let h(r) = 14*r**3 + 2*r**2 + 2*r - 2. Let t be h(2). List the prime factors of -6*(t/(-4) + -1).
3, 7
Suppose 0 = 4*h - 6*h. Suppose h = 87*o - 81*o - 48. Suppose 0 = 8*j + o*j - 3872. What are 